hat are the prime factors of 3057?
3, 1019
List the prime factors of 32588.
2, 8147
What are the prime factors of 53842?
2, 26921
What are the prime factors of 1845?
3, 5, 41
List the prime factors of 1533.
3, 7, 73
List the prime factors of 792.
2, 3, 11
List the prime factors of 56429.
73, 773
What are the prime factors of 19334?
2, 7, 1381
List the prime factors of 174.
2, 3, 29
List the prime factors of 105252.
2, 3, 7, 179
List the prime factors of 1451.
1451
List the prime factors of 922.
2, 461
List the prime factors of 3501.
3, 389
List the prime factors of 45737.
45737
List the prime factors of 59780.
2, 5, 7, 61
List the prime factors of 99.
3, 11
List the prime factors of 82.
2, 41
List the prime factors of 32556.
2, 3, 2713
What are the prime factors of 1359?
3, 151
What are the prime factors of 11462?
2, 11, 521
What are the prime factors of 746?
2, 373
List the prime factors of 574.
2, 7, 41
List the prime factors of 1692.
2, 3, 47
What are the prime factors of 98061?
3, 32687
What are the prime factors of 3237?
3, 13, 83
List the prime factors of 27420.
2, 3, 5, 457
What are the prime factors of 5191?
29, 179
List the prime factors of 9258.
2, 3, 1543
List the prime factors of 663.
3, 13, 17
List the prime factors of 3246.
2, 3, 541
What are the prime factors of 2146?
2, 29, 37
What are the prime factors of 71177?
109, 653
List the prime factors of 7028.
2, 7, 251
What are the prime factors of 11221?
7, 229
What are the prime factors of 4762?
2, 2381
What are the prime factors of 30610?
2, 5, 3061
What are the prime factors of 10954?
2, 5477
List the prime factors of 7219.
7219
List the prime factors of 24256.
2, 379
What are the prime factors of 692?
2, 173
What are the prime factors of 1640?
2, 5, 41
List the prime factors of 3515.
5, 19, 37
List the prime factors of 6041.
7, 863
What are the prime factors of 10575?
3, 5, 47
List the prime factors of 1339.
13, 103
List the prime factors of 46656.
2, 3
What are the prime factors of 625?
5
List the prime factors of 10627.
10627
List the prime factors of 11161.
11161
List the prime factors of 55129.
29, 1901
What are the prime factors of 4986?
2, 3, 277
List the prime factors of 18896.
2, 1181
What are the prime factors of 10042?
2, 5021
What are the prime factors of 19543?
19543
List the prime factors of 694.
2, 347
What are the prime factors of 13762?
2, 7, 983
What are the prime factors of 8403?
3, 2801
What are the prime factors of 1796?
2, 449
What are the prime factors of 23400?
2, 3, 5, 13
What are the prime factors of 140668?
2, 11, 23, 139
What are the prime factors of 1003?
17, 59
What are the prime factors of 31386?
2, 3, 5231
List the prime factors of 2696.
2, 337
What are the prime factors of 55?
5, 11
List the prime factors of 3469.
3469
What are the prime factors of 6667?
59, 113
What are the prime factors of 15274?
2, 7, 1091
List the prime factors of 3601.
13, 277
What are the prime factors of 1064?
2, 7, 19
List the prime factors of 13931.
13931
What are the prime factors of 2228?
2, 557
What are the prime factors of 36470?
2, 5, 7, 521
What are the prime factors of 1290?
2, 3, 5, 43
List the prime factors of 4666.
2, 2333
List the prime factors of 1545.
3, 5, 103
List the prime factors of 2891.
7, 59
List the prime factors of 4312.
2, 7, 11
What are the prime factors of 6673?
6673
What are the prime factors of 57532?
2, 19, 757
List the prime factors of 24132.
2, 3, 2011
List the prime factors of 5671.
53, 107
List the prime factors of 13772.
2, 11, 313
What are the prime factors of 47615?
5, 89, 107
List the prime factors of 11423.
11423
List the prime factors of 37400.
2, 5, 11, 17
What are the prime factors of 2204?
2, 19, 29
What are the prime factors of 102747?
3, 29, 1181
What are the prime factors of 843?
3, 281
What are the prime factors of 158981?
158981
What are the prime factors of 20798?
2, 10399
List the prime factors of 86723.
7, 13, 953
List the prime factors of 19057.
17, 19, 59
List the prime factors of 1310.
2, 5, 131
List the prime factors of 5032.
2, 17, 37
List the prime factors of 3739.
3739
What are the prime factors of 1624?
2, 7, 29
What are the prime factors of 5874?
2, 3, 11, 89
List the prime factors of 2588.
2, 647
What are the prime factors of 4010?
2, 5, 401
What are the prime factors of 7939?
17, 467
List the prime factors of 1794.
2, 3, 13, 23
What are the prime factors of 727?
727
What are the prime factors of 155071?
7, 22153
List the prime factors of 50091.
3, 59, 283
List the prime factors of 3496.
2, 19, 23
What are the prime factors of 45994?
2, 13, 29, 61
What are the prime factors of 2731?
2731
List the prime factors of 45145.
5, 9029
List the prime factors of 331.
331
What are the prime factors of 7124?
2, 13, 137
What are the prime factors of 3430?
2, 5, 7
What are the prime factors of 963?
3, 107
List the prime factors of 2280.
2, 3, 5, 19
What are the prime factors of 7211?
7211
What are the prime factors of 109252?
2, 11, 13, 191
What are the prime factors of 1458?
2, 3
What are the prime factors of 15625?
5
List the prime factors of 27693.
3, 17, 181
What are the prime factors of 7279?
29, 251
What are the prime factors of 183904?
2, 7, 821
List the prime factors of 13464.
2, 3, 11, 17
List the prime factors of 15006.
2, 3, 41, 61
What are the prime factors of 11541?
3, 3847
What are the prime factors of 13058?
2, 6529
List the prime factors of 4783.
4783
What are the prime factors of 7014?
2, 3, 7, 167
List the prime factors of 3727.
3727
What are the prime factors of 1180?
2, 5, 59
What are the prime factors of 60323?
179, 337
What are the prime factors of 26360?
2, 5, 659
List the prime factors of 7521.
3, 23, 109
What are the prime factors of 2521?
2521
What are the prime factors of 23591?
31, 761
List the prime factors of 8619.
3, 13, 17
List the prime factors of 474.
2, 3, 79
What are the prime factors of 11059?
11059
What are the prime factors of 13284?
2, 3, 41
What are the prime factors of 1296?
2, 3
List the prime factors of 11298.
2, 3, 7, 269
List the prime factors of 37438.
2, 18719
List the prime factors of 8427.
3, 53
What are the prime factors of 135014?
2, 11, 17, 19
What are the prime factors of 6022?
2, 3011
List the prime factors of 12432.
2, 3, 7, 37
What are the prime factors of 1438?
2, 719
What are the prime factors of 4245?
3, 5, 283
List the prime factors of 3226.
2, 1613
List the prime factors of 4193.
7, 599
What are the prime factors of 18055?
5, 23, 157
List the prime factors of 1849.
43
What are the prime factors of 10400?
2, 5, 13
What are the prime factors of 9815?
5, 13, 151
List the prime factors of 321.
3, 107
List the prime factors of 2700.
2, 3, 5
What are the prime factors of 554?
2, 277
What are the prime factors of 49968?
2, 3, 347
List the prime factors of 12828.
2, 3, 1069
What are the prime factors of 60925?
5, 2437
What are the prime factors of 1339?
13, 103
What are the prime factors of 28075?
5, 1123
What are the prime factors of 3727?
3727
List the prime factors of 752.
2, 47
List the prime factors of 4893.
3, 7, 233
What are the prime factors of 874?
2, 19, 23
List the prime factors of 82107.
3, 3041
What are the prime factors of 523?
523
What are the prime factors of 44869?
11, 4079
List the prime factors of 9071.
47, 193
What are the prime factors of 2823?
3, 941
List the prime factors of 72254.
2, 7, 13, 397
List the prime factors of 4619.
31, 149
What are the prime factors of 1650?
2, 3, 5, 11
List the prime factors of 5513.
37, 149
List the prime factors of 1538.
2, 769
List the prime factors of 106512.
2, 3, 7, 317
What are the prime factors of 4257?
3, 11, 43
What are the prime factors of 1174?
2, 587
What are the prime factors of 8088?
2, 3, 337
List the prime factors of 272.
2, 17
What are the prime factors of 46775?
5, 1871
List the prime factors of 152151.
3, 41, 1237
List the prime factors of 1126.
2, 563
List the prime factors of 14616.
2, 3, 7, 29
What are the prime factors of 379?
379
List the prime factors of 31991.
31991
What are the prime factors of 33453?
3, 7, 59
List the prime factors of 6279.
3, 7, 13, 23
What are the prime factors of 7982?
2, 13, 307
List the prime factors of 32311.
79, 409
List the prime factors of 3021.
3, 19, 53
List th